24/(-18)*3 - -6. Let p be ((-6)/(-15))/(2/(-10)). Let k be 5*(-1)/(p + 1). What is the highest common divisor of a and k?
1
Let m = 8 + -6. Let w be (1 - (-6)/(-10))/(m/230). Suppose -3*t = 135 - 480. Calculate the greatest common factor of w and t.
23
Let n(z) = 12*z - 1. Let y be n(2). Suppose -7 = 5*i - 22. Let f(o) = 26*o**2 - 9*o. Let t be f(i). Calculate the greatest common divisor of t and y.
23
Let i be ((-36)/14)/(-4 - 265/(-70)). Let v(x) = 2*x + 18. Let y be v(0). Suppose -y = -5*b + 102. What is the highest common factor of i and b?
12
Let z = -3 + 7. Suppose 0 = -j - k, -z*j + 8 = 2*k - 0. Let c = 884 - 880. What is the greatest common divisor of j and c?
4
Suppose 228*f - 3930 = 88*f - 122*f. Suppose -t + 33 = 6*x - 3*x, -t + 2*x = -28. What is the greatest common factor of t and f?
15
Let n(d) = -2*d + 10. Let z = 3 + -15. Let s = z - -3. Let l be n(s). Calculate the highest common factor of 42 and l.
14
Let h = 413 + -391. Let d be 27/(2/(2 - 0)). Let o = -16 + d. Calculate the highest common factor of o and h.
11
Suppose q + 24 = 35. What is the highest common divisor of q and 44?
11
Suppose -3*a = 5*x - 0*x - 34, a + 4*x = 23. Let j be -177*(-1)/a*1. Let q = 107 - j. What is the highest common divisor of 24 and q?
24
Suppose -d - 3*w + 197 + 195 = 0, 2*w - 764 = -2*d. Calculate the highest common divisor of d and 39.
13
Let m = -617 + 732. What is the greatest common factor of 55 and m?
5
Let o = 69 + -89. Let y = o + 80. Calculate the greatest common factor of 48 and y.
12
Let a = -599 - -653. Calculate the highest common divisor of a and 18.
18
Let t be 969/85 + (-14)/10. Calculate the highest common divisor of t and 6.
2
Let b(g) = -284*g**3 + g**2 + 5*g + 2. Let k be b(-1). Calculate the highest common factor of k and 24.
6
Let s be 184/2*((-116)/(-16) + -7). Suppose -2*o = -4*j - 0*o + 22, 3*o = -j + s. Calculate the greatest common factor of 200 and j.
8
Let p(m) = -2*m**2 - 6*m - 6. Let a be p(-3). Let w be ((-9)/a)/3*4. Calculate the highest common factor of 8 and w.
2
Let f(x) = x**3 - 4*x**2 + x + 7. Let s be f(3). Suppose -5*q + 7 + 13 = -h, -q - 7 = 2*h. What is the highest common divisor of q and s?
1
Let s(p) = 2*p + 12. Let u be s(-8). Let k be 9/(-21) - u/(-7). Let j(v) = 251*v**2 - 2*v - 1. Let a be j(k). Calculate the highest common divisor of a and 28.
28
Suppose 5*l = i, 5*i + 12 - 40 = -3*l. Suppose y = i*y - 16. Suppose -3*o = 3*x - 96, 0*o = -y*o - 3*x + 123. What is the greatest common divisor of 18 and o?
9
Let y(d) = -12*d**3 - 2*d**2. Let b be y(-2). Let r(n) = n**3 + 18*n**2 + 19*n + 42. Let i be r(-17). Calculate the highest common factor of b and i.
8
Let x be (-9)/(-4)*2072/222. Let z be ((-15)/10)/((-3)/4). Suppose -3*l + z*l + 21 = 0. What is the greatest common divisor of x and l?
21
Let t = 79 + -68. Suppose t*s + s = 3060. Calculate the greatest common factor of s and 15.
15
Suppose -19 = -11*j + 14. Suppose 0 = j*k + 2*k + 20, h = 4*k + 40. Calculate the highest common divisor of 36 and h.
12
Let q be -27 + -1 - (6 + -4). Let y be (-1)/((-57)/q - 2). Let a be (12 + y)/(1 + 0). Calculate the highest common divisor of a and 11.
11
Suppose 794 = -3*l + 824. Suppose 0*w = w - 5. Calculate the greatest common factor of l and w.
5
Suppose 5*v + 6 = 2*w, v - 18 - 8 = -3*w. Let c be 2*25/20*2. Suppose -175 = -5*x + 5*u, -x + c*u + 19 = 4. What is the greatest common divisor of x and w?
8
Let q be (2/4 - (-51414)/76) + -1. Calculate the greatest common factor of q and 78.
26
Suppose 2*d = -5*t + 840, d + 8*t = 4*t + 417. What is the greatest common divisor of 25 and d?
25
Suppose -4*x + 83 = -41. Suppose 0 = 3*f - x - 149. What is the highest common divisor of f and 15?
15
Let y(m) = -m**3 - 18*m**2 - 21*m - 131. Let o be y(-18). Calculate the highest common factor of o and 19.
19
Let t be 17 + -9 + -7 + 7. Suppose -2*r = -r - 4. Suppose -5*f = r*o - 337, -o + f - 261 = -4*o. Calculate the highest common factor of t and o.
8
Let v = 47 - 68. Let n = v - -38. Let i(q) = 2*q**2 - 6*q + 5. Let d be i(-5). What is the highest common divisor of n and d?
17
Suppose 11*b + 1520 = 27*b. What is the greatest common divisor of b and 5?
5
Suppose 0 = -3*a + 3*x + 6, 0 = 4*x - 5*x + 5. Suppose 2106 = 2*o + a*o. What is the greatest common divisor of 26 and o?
26
Suppose 33 - 3 = 5*p. Suppose -p*s = -3*s - 24. Suppose -5*j + 8*j = 168. Calculate the greatest common factor of j and s.
8
Let r be 343/3 + (-18)/54 - -3. Calculate the highest common divisor of 162 and r.
9
Suppose -6*d = -615 + 165. Suppose -25 = -g + 5*u, 4*g + 0*g = 5*u + 70. What is the highest common divisor of d and g?
15
Let f be (-85)/(-68)*2*10. Suppose -8*h = -13*h + f. What is the highest common divisor of h and 5?
5
Let y(h) = -3*h + 20. Let x be y(7). Let o be (3 - 3 - x)*2. Suppose 4 = c, z = -o*c + 23 + 27. What is the greatest common factor of z and 28?
14
Let g = 1489 - 686. Calculate the greatest common divisor of 73 and g.
73
Let g(n) = 6*n**3 - 2*n**2 - n + 33. Let b be g(5). Calculate the greatest common divisor of b and 56.
56
Let c be (-2)/(-7) - 5504/56. Let s be (20 + 0)/((-28)/c). Calculate the highest common factor of 14 and s.
14
Suppose -5*r + 89 = f + f, 0 = -r - 4*f + 7. What is the highest common divisor of 1 and r?
1
Let z = -2 - -16. Suppose -51 + 15 = -3*u. Let x = z - u. What is the highest common factor of x and 10?
2
Let p = -2207 - -2363. Let t = 4 + 8. What is the greatest common factor of t and p?
12
Suppose 12*v = -11*v + 1610. Let c be (9 - 2)*2/2. Calculate the greatest common factor of v and c.
7
Let b = -46 - -60. Let x be 4/(-14) - 1/(b/(-564)). Let n(v) = 2*v**2 - 3*v + 2. Let k be n(2). What is the greatest common divisor of k and x?
4
Let o be -110*(-1)/3 + 212/159. What is the greatest common divisor of o and 152?
38
Suppose 0 = t + t - 100. Let g(n) = n**3 + 26*n**2 - 60*n - 82. Let y be g(-28). What is the greatest common factor of t and y?
10
Let l be (72/(-42))/(6/(-189)*3). Suppose 0 = -3*y - 0*y + 3. Let r be (y - 1/(-2))*18. Calculate the highest common divisor of l and r.
9
Suppose 17*k - 12*k - 35 = 0. Let j(c) = c**3 - 6*c**2 - 6*c + 11. Let x be j(k). What is the highest common factor of x and 162?
18
Let u = 10 - -6. Let w be (u/(-10))/((-10)/25). Suppose 5*c + 0*c = a - 27, -c + 1 = 0. What is the greatest common factor of a and w?
4
Let a(f) = 6*f + 82*f**2 + 10 - 17*f - 81*f**2. Let l be a(11). Calculate the greatest common factor of 40 and l.
10
Let b = 17 + 5. Suppose 0 = 14*g - 16*g + 396. Calculate the greatest common divisor of g and b.
22
Let i be (-8 + 34)*2/4. Let f = i + -12. What is the greatest common factor of 7 and f?
1
Let m be (198/132)/(6*2/416). What is the highest common factor of m and 3848?
52
Let a(j) = -2*j + 24. Let g be a(-15). Calculate the highest common factor of g and 18.
18
Let d(w) = -4*w - 46. Suppose 0*r + 98 = -7*r. Let x be d(r). What is the highest common divisor of x and 70?
10
Let r = 163 - 338. Let z be r/10*(-40)/14. What is the greatest common factor of z and 20?
10
Let b = 11 + -7. Suppose 4*i - 2*i = 0, -b*t = i - 36. Calculate the highest common divisor of 9 and t.
9
Let r(z) = z**3 - 6*z**2 + 10*z - 7. Let l be r(4). Suppose -5*t - l = 2*b, -4*t = 3*b - t - 12. What is the highest common divisor of b and 77?
7
Let n be (-63)/378 - 1946/(-12). What is the highest common factor of 6 and n?
6
Let p = 2238 + -1590. What is the highest common divisor of p and 8?
8
Let m be (2/(-6))/((-489)/162 - -3). Let o be (-2)/(-4) + 18/4. Suppose -14 = -o*p + 76. What is the highest common factor of p and m?
18
Let i(z) = 4*z + 121. Let r be i(-11). Calculate the highest common divisor of 21 and r.
7
Let k be 23 + -3 + 3/(-1). Suppose -15*g - 196 = -k*g. What is the greatest common divisor of 49 and g?
49
Let p = -87 - -175. Suppose -w = 3*l - 2, -3*w = 2*l + 13 - 33. Suppose -w = 10*a - 11*a. What is the highest common divisor of a and p?
8
Let k be 625 + -17 + 80/10. Calculate the highest common divisor of k and 56.
56
Let t = -302 - -326. What is the greatest common factor of t and 792?
24
Let f = -709 + 731. Calculate the highest common factor of 121 and f.
11
Let i(c) = 177*c - 920. Let t be i(7). What is the greatest common divisor of 232 and t?
2